{"id":9425,"date":"2024-08-10T09:05:55","date_gmt":"2024-08-10T09:05:55","guid":{"rendered":"http:\/\/www.reensol.com.tr\/?page_id=9425"},"modified":"2024-08-21T13:51:45","modified_gmt":"2024-08-21T13:51:45","slug":"hakkimizda","status":"publish","type":"page","link":"http:\/\/www.reensol.com.tr\/index.php\/hakkimizda\/","title":{"rendered":"Hakk\u0131m\u0131zda"},"content":{"rendered":"<div class=\"wpb-content-wrapper\"><p>[vc_row][vc_column][vc_column_text css=&#8221;&#8221; woodmart_inline=&#8221;no&#8221; text_larger=&#8221;no&#8221;]<strong>Hakk\u0131m\u0131zda<\/strong><\/p>\n<p><strong>Reen Sol, yenilenebilir enerji alan\u0131nda uzmanla\u015fm\u0131\u015f, \u00e7evre dostu ve s\u00fcrd\u00fcr\u00fclebilir \u00e7\u00f6z\u00fcmler sunan lider bir g\u00fcne\u015f enerjisi firmas\u0131d\u0131r. Kuruldu\u011fumuz g\u00fcnden bu yana, hem bireysel kullan\u0131c\u0131lar\u0131n hem de b\u00fcy\u00fck \u00f6l\u00e7ekli ticari i\u015fletmelerin enerji ihtiya\u00e7lar\u0131n\u0131 kar\u015f\u0131lamak i\u00e7in yenilik\u00e7i ve verimli \u00e7\u00f6z\u00fcmler sunmay\u0131 ilke edindik.<\/strong><\/p>\n<p><strong>Enerji sekt\u00f6r\u00fcnde y\u0131llar\u0131n getirdi\u011fi tecr\u00fcbe ve bilgi birikimiyle, Reen Sol olarak, sadece g\u00fcne\u015f enerjisi panelleri tedarik etmekle kalm\u0131yor, ayn\u0131 zamanda m\u00fc\u015fterilerimizin enerji ihtiya\u00e7lar\u0131n\u0131 tam olarak anlayarak onlara \u00f6zel \u00e7\u00f6z\u00fcmler sunuyoruz. G\u00fcne\u015f enerjisinin potansiyelini en verimli \u015fekilde kullanmak i\u00e7in teknolojinin sundu\u011fu en yeni ve en geli\u015fmi\u015f y\u00f6ntemleri benimsiyoruz.<\/strong><\/p>\n<p><strong>M\u00fc\u015fterilerimizin enerji maliyetlerini d\u00fc\u015f\u00fcrmelerine, enerji ba\u011f\u0131ms\u0131zl\u0131klar\u0131n\u0131 art\u0131rmalar\u0131na ve \u00e7evresel etkilerini en aza indirmelerine yard\u0131mc\u0131 olmay\u0131 misyon edindik. Geni\u015f \u00fcr\u00fcn yelpazemiz, g\u00fcne\u015f panellerinden enerji depolama \u00e7\u00f6z\u00fcmlerine, enerji verimlili\u011fi dan\u0131\u015fmanl\u0131\u011f\u0131ndan bak\u0131m ve izleme hizmetlerine kadar uzanmaktad\u0131r. Bu sayede, Reen Sol olarak, t\u00fcm enerji ihtiya\u00e7lar\u0131n\u0131za y\u00f6nelik kapsaml\u0131 ve entegre \u00e7\u00f6z\u00fcmler sunuyoruz.<\/strong><\/p>\n<p><strong>Her projemizde, m\u00fc\u015fteri memnuniyeti ve kaliteli hizmet sunma hedefiyle hareket ediyoruz. G\u00fcne\u015f enerjisinin g\u00fcc\u00fcn\u00fc en verimli \u015fekilde kullanarak, m\u00fc\u015fterilerimizin ya\u015famlar\u0131n\u0131 ve i\u015f s\u00fcre\u00e7lerini daha s\u00fcrd\u00fcr\u00fclebilir hale getirmeyi ama\u00e7l\u0131yoruz. Bu do\u011frultuda, uzman ekibimiz, her ad\u0131mda yan\u0131n\u0131zda olarak projelerinizin ba\u015far\u0131l\u0131 bir \u015fekilde hayata ge\u00e7irilmesini sa\u011flar.<\/strong><\/p>\n<p><strong>S\u00fcrd\u00fcr\u00fclebilirlik ve \u00e7evre bilincine sahip bir firma olarak, Reen Sol, sadece ekonomik faydalar sa\u011flamakla kalm\u0131yor, ayn\u0131 zamanda do\u011faya ve gelece\u011fe olan sorumlulu\u011fumuzun bilinciyle hareket ediyor. Her ad\u0131mda, d\u00fcnyam\u0131z\u0131 daha ye\u015fil ve ya\u015fanabilir k\u0131lmak i\u00e7in \u00e7al\u0131\u015f\u0131yoruz.<\/strong><\/p>\n<p><strong>Reen Sol olarak, enerji sekt\u00f6r\u00fcndeki geli\u015fmeleri yak\u0131ndan takip ediyor ve s\u00fcrekli olarak kendimizi yeniliyoruz. \u0130novasyon, teknoloji ve kaliteli hizmet anlay\u0131\u015f\u0131m\u0131zla, g\u00fcne\u015f enerjisinin herkes i\u00e7in eri\u015filebilir hale gelmesi ad\u0131na b\u00fcy\u00fck bir kararl\u0131l\u0131kla \u00e7al\u0131\u015f\u0131yoruz.<\/strong><\/p>\n<p><strong>Bizimle birlikte, enerji d\u00f6n\u00fc\u015f\u00fcm\u00fcn\u00fcn bir par\u00e7as\u0131 olun ve g\u00fcne\u015fin sonsuz enerjisiyle gelece\u011finizi ayd\u0131nlat\u0131n.<\/strong>[\/vc_column_text][\/vc_column][\/vc_row][vc_row][vc_column]\n\t\t\t<div class=\" wd-rs-66bf430127949 wd-enabled-width wd-social-icons  icons-design-default icons-size-default color-scheme-dark social-share social-form-circle text-center\">\n\n\t\t\t\t\n\t\t\t\t\t\t\t\t\t<a rel=\"noopener noreferrer nofollow\" href=\"https:\/\/www.facebook.com\/sharer\/sharer.php?u=http:\/\/www.reensol.com.tr\/index.php\/hakkimizda\/\" target=\"_blank\" class=\" wd-social-icon social-facebook\" aria-label=\"Facebook social link\">\n\t\t\t\t\t\t<span class=\"wd-icon\"><\/span>\n\t\t\t\t\t\t\t\t\t\t\t<\/a>\n\t\t\t\t\n\t\t\t\t\t\t\t\t\t<a rel=\"noopener noreferrer nofollow\" href=\"https:\/\/x.com\/share?url=http:\/\/www.reensol.com.tr\/index.php\/hakkimizda\/\" target=\"_blank\" class=\" wd-social-icon social-twitter\" aria-label=\"X social link\">\n\t\t\t\t\t\t<span class=\"wd-icon\"><\/span>\n\t\t\t\t\t\t\t\t\t\t\t<\/a>\n\t\t\t\t\n\t\t\t\t\n\t\t\t\t\n\t\t\t\t\n\t\t\t\t\t\t\t\t\t<a rel=\"noopener noreferrer nofollow\" href=\"https:\/\/pinterest.com\/pin\/create\/button\/?url=http:\/\/www.reensol.com.tr\/index.php\/hakkimizda\/&media=http:\/\/www.reensol.com.tr\/wp-includes\/images\/media\/default.svg&description=Hakk%C4%B1m%C4%B1zda\" target=\"_blank\" class=\" wd-social-icon social-pinterest\" aria-label=\"Pinterest social link\">\n\t\t\t\t\t\t<span class=\"wd-icon\"><\/span>\n\t\t\t\t\t\t\t\t\t\t\t<\/a>\n\t\t\t\t\n\t\t\t\t\n\t\t\t\t\t\t\t\t\t<a rel=\"noopener noreferrer nofollow\" href=\"https:\/\/www.linkedin.com\/shareArticle?mini=true&url=http:\/\/www.reensol.com.tr\/index.php\/hakkimizda\/\" target=\"_blank\" class=\" wd-social-icon social-linkedin\" aria-label=\"Linkedin social link\">\n\t\t\t\t\t\t<span class=\"wd-icon\"><\/span>\n\t\t\t\t\t\t\t\t\t\t\t<\/a>\n\t\t\t\t\n\t\t\t\t\n\t\t\t\t\n\t\t\t\t\n\t\t\t\t\n\t\t\t\t\n\t\t\t\t\n\t\t\t\t\n\t\t\t\t\n\t\t\t\t\n\t\t\t\t\t\t\t\t\n\t\t\t\t\t\t\t\t\n\t\t\t\t\n\t\t\t\t\n\t\t\t\t\t\t\t\t\t<a rel=\"noopener noreferrer nofollow\" href=\"https:\/\/telegram.me\/share\/url?url=http:\/\/www.reensol.com.tr\/index.php\/hakkimizda\/\" target=\"_blank\" class=\" wd-social-icon social-tg\" aria-label=\"Telegram social link\">\n\t\t\t\t\t\t<span class=\"wd-icon\"><\/span>\n\t\t\t\t\t\t\t\t\t\t\t<\/a>\n\t\t\t\t\t\t\t\t\n\t\t\t\t\n\t\t\t<\/div>\n\n\t\t[\/vc_column][\/vc_row]<\/p>\n<\/div>","protected":false},"excerpt":{"rendered":"<p>[vc_row][vc_column][vc_column_text css=&#8221;&#8221; woodmart_inline=&#8221;no&#8221; text_larger=&#8221;no&#8221;]Hakk\u0131m\u0131zda Reen Sol, yenilenebilir enerji alan\u0131nda uzmanla\u015fm\u0131\u015f, \u00e7evre dostu ve s\u00fcrd\u00fcr\u00fclebilir \u00e7\u00f6z\u00fcmler sunan lider bir g\u00fcne\u015f enerjisi<\/p>\n","protected":false},"author":1,"featured_media":0,"parent":0,"menu_order":0,"comment_status":"closed","ping_status":"closed","template":"","meta":{"footnotes":""},"class_list":["post-9425","page","type-page","status-publish","hentry"],"_links":{"self":[{"href":"http:\/\/www.reensol.com.tr\/index.php\/wp-json\/wp\/v2\/pages\/9425","targetHints":{"allow":["GET"]}}],"collection":[{"href":"http:\/\/www.reensol.com.tr\/index.php\/wp-json\/wp\/v2\/pages"}],"about":[{"href":"http:\/\/www.reensol.com.tr\/index.php\/wp-json\/wp\/v2\/types\/page"}],"author":[{"embeddable":true,"href":"http:\/\/www.reensol.com.tr\/index.php\/wp-json\/wp\/v2\/users\/1"}],"replies":[{"embeddable":true,"href":"http:\/\/www.reensol.com.tr\/index.php\/wp-json\/wp\/v2\/comments?post=9425"}],"version-history":[{"count":4,"href":"http:\/\/www.reensol.com.tr\/index.php\/wp-json\/wp\/v2\/pages\/9425\/revisions"}],"predecessor-version":[{"id":9529,"href":"http:\/\/www.reensol.com.tr\/index.php\/wp-json\/wp\/v2\/pages\/9425\/revisions\/9529"}],"wp:attachment":[{"href":"http:\/\/www.reensol.com.tr\/index.php\/wp-json\/wp\/v2\/media?parent=9425"}],"curies":[{"name":"wp","href":"https:\/\/api.w.org\/{rel}","templated":true}]}}